32567?
3, 13, 37, 251, 1319
What are the prime factors of 8776249?
149, 58901
What are the prime factors of 53057565?
3, 5, 11, 35729
List the prime factors of 312705182.
2, 619, 252589
List the prime factors of 135239710.
2, 5, 277, 48823
List the prime factors of 73417477.
7, 461, 22751
What are the prime factors of 340758815?
5, 68151763
List the prime factors of 16464356.
2, 43, 95723
List the prime factors of 40749367.
41, 993887
What are the prime factors of 1828305993?
3, 609435331
List the prime factors of 1725148444.
2, 839, 514049
List the prime factors of 100052177.
41, 2440297
What are the prime factors of 82279245?
3, 5, 631, 8693
List the prime factors of 84498700.
2, 5, 11, 13, 19, 311
What are the prime factors of 36924969?
3, 17, 41, 17659
What are the prime factors of 593521236?
2, 3, 7, 11, 149, 479
List the prime factors of 588875303.
19, 4691, 6607
What are the prime factors of 90654559?
90654559
What are the prime factors of 5245633?
23, 131, 1741
What are the prime factors of 506657058?
2, 3, 37, 761, 2999
List the prime factors of 103128709.
103128709
What are the prime factors of 19909111?
19909111
What are the prime factors of 994995253?
7, 227, 626177
List the prime factors of 422090090.
2, 5, 42209009
What are the prime factors of 30661926?
2, 3, 1831, 2791
List the prime factors of 675895567.
107, 1019, 6199
What are the prime factors of 261751426?
2, 130875713
List the prime factors of 304843331.
13, 29, 808603
What are the prime factors of 2435331401?
937, 2599073
List the prime factors of 67320154.
2, 11, 19, 161053
List the prime factors of 145900494.
2, 3, 17, 9349
What are the prime factors of 399233202?
2, 3, 17, 877, 4463
What are the prime factors of 548076662?
2, 7, 307, 18217
What are the prime factors of 677432017?
409, 1656313
What are the prime factors of 430587617?
41, 503, 20879
What are the prime factors of 243224339?
19, 1013, 12637
List the prime factors of 1557876117.
3, 7, 53, 1399709
List the prime factors of 66462052.
2, 1613, 10301
List the prime factors of 120125353.
19, 6322387
List the prime factors of 1742890957.
19, 37, 2479219
What are the prime factors of 118790073?
3, 313, 42169
What are the prime factors of 1116823559?
41, 101, 283, 953
What are the prime factors of 46829679?
3, 13, 17, 23, 37, 83
List the prime factors of 590678015.
5, 118135603
What are the prime factors of 30355689?
3, 7, 13, 251, 443
List the prime factors of 22553564.
2, 11, 512581
What are the prime factors of 2054493622?
2, 17, 89, 179, 3793
What are the prime factors of 71356651?
43, 1659457
List the prime factors of 549883.
549883
What are the prime factors of 1699430016?
2, 3, 4425599
List the prime factors of 1479964656.
2, 3, 29, 1063193
What are the prime factors of 951858319?
951858319
List the prime factors of 95044452.
2, 3, 7920371
List the prime factors of 511807870.
2, 5, 7, 887, 8243
What are the prime factors of 3266647?
29, 112643
List the prime factors of 12690654.
2, 3, 1229, 1721
List the prime factors of 148471752.
2, 3, 11, 13, 43261
List the prime factors of 8515108642.
2, 89, 47837689
What are the prime factors of 3122110939?
73, 251, 170393
What are the prime factors of 149667487?
773, 193619
List the prime factors of 21606737.
79, 273503
What are the prime factors of 4470011304?
2, 3, 11, 103, 164387
What are the prime factors of 630323601?
3, 37, 367, 15473
List the prime factors of 1970046126.
2, 3, 109447007
What are the prime factors of 2994550258?
2, 7, 213896447
What are the prime factors of 153590922?
2, 3, 37, 103, 2239
List the prime factors of 102229860.
2, 3, 5, 239, 7129
What are the prime factors of 5515106014?
2, 11, 23, 61, 197, 907
List the prime factors of 535329595.
5, 61, 1755179
List the prime factors of 4605319036.
2, 53, 21723203
List the prime factors of 7421554.
2, 7, 17, 31183
List the prime factors of 54954647.
11, 4995877
What are the prime factors of 1761853855?
5, 127, 839, 3307
What are the prime factors of 38032585?
5, 19, 61, 6563
List the prime factors of 4371472716.
2, 3, 13, 139, 201599
List the prime factors of 34568545.
5, 11, 37, 16987
What are the prime factors of 276657168?
2, 3, 5763691
List the prime factors of 8528372563.
1481, 5758523
List the prime factors of 54725028.
2, 3, 251, 18169
List the prime factors of 352823420.
2, 5, 1823, 9677
What are the prime factors of 1258076501?
11, 79, 431, 3359
List the prime factors of 149089026.
2, 3, 193, 128747
List the prime factors of 48158952.
2, 3, 2006623
List the prime factors of 3079933432.
2, 61, 401, 15739
List the prime factors of 413284086.
2, 3, 19, 229, 1759
List the prime factors of 511831565.
5, 7, 937, 15607
What are the prime factors of 112130450?
2, 5, 353, 6353
List the prime factors of 58765477.
43, 1366639
List the prime factors of 36779937.
3, 12259979
List the prime factors of 52781375.
5, 31, 53, 257
What are the prime factors of 411019805?
5, 7, 11743423
List the prime factors of 412074551.
7, 3889, 15137
What are the prime factors of 704314462?
2, 37, 71, 134053
What are the prime factors of 1228737136?
2, 11, 223, 31307
List the prime factors of 325631530.
2, 5, 7, 193, 24103
List the prime factors of 1462372677.
3, 19, 2850629
What are the prime factors of 178599608?
2, 11, 41, 59, 839
What are the prime factors of 5716765016?
2, 714595627
List the prime factors of 6577882.
2, 43, 76487
List the prime factors of 99252369.
3, 11028041
What are the prime factors of 52707935?
5, 7, 29, 51929
What are the prime factors of 34693037?
691, 50207
What are the prime factors of 4673906503?
7, 967, 98641
List the prime factors of 60312514.
2, 59, 511123
List the prime factors of 102609976.
2, 7, 263, 6967
List the prime factors of 2566983003.
3, 13, 37, 1778921
List the prime factors of 952697424.
2, 3, 7, 2835409
What are the prime factors of 4277428834?
2, 7, 29, 127, 1693
What are the prime factors of 64596883?
13, 4968991
List the prime factors of 46824616.
2, 83, 97, 727
What are the prime factors of 3975780?
2, 3, 5, 23, 43, 67
What are the prime factors of 19313604?
2, 3, 79, 6791
List the prime factors of 431271121.
3457, 124753
What are the prime factors of 1130838929?
11, 17, 6047267
What are the prime factors of 4622891094?
2, 3, 256827283
What are the prime factors of 136296862?
2, 13, 1459, 3593
What are the prime factors of 536871?
3, 67, 2671
What are the prime factors of 98333738?
2, 49166869
List the prime factors of 1906845917.
41, 46508437
List the prime factors of 541017718.
2, 199, 569, 2389
List the prime factors of 635548843.
635548843
What are the prime factors of 132460105?
5, 23, 613, 1879
List the prime factors of 9429684.
2, 3, 11, 71437
What are the prime factors of 750354070?
2, 5, 23, 31, 105239
List the prime factors of 164005667.
7, 1979, 11839
List the prime factors of 73613430.
2, 3, 5, 11, 74357
What are the prime factors of 2017909463?
61, 227, 2389
What are the prime factors of 91357001?
53, 727, 2371
List the prime factors of 50909260.
2, 5, 953, 2671
What are the prime factors of 122820847?
227, 541061
What are the prime factors of 66193158?
2, 3, 71, 155383
List the prime factors of 436467946.
2, 218233973
List the prime factors of 2106835828.
2, 491, 619, 1733
List the prime factors of 684622530.
2, 3, 5, 397, 2129
List the prime factors of 196353361.
8293, 23677
List the prime factors of 8353797455.
5, 23, 72641717
What are the prime factors of 8132124?
2, 3, 7, 11, 13, 677
What are the prime factors of 313796007?
3, 7, 4980889
List the prime factors of 58176339.
3, 13, 1491701
List the prime factors of 431648204.
2, 13, 8300927
What are the prime factors of 113407594?
2, 56703797
List the prime factors of 739692128.
2, 7, 3302197
What are the prime factors of 101014810?
2, 5, 13, 37, 21001
What are the prime factors of 481951461?
3, 160650487
List the prime factors of 1406403853.
41, 34302533
List the prime factors of 230559170.
2, 5, 23055917
List the prime factors of 1984452545.
5, 101, 3929609
List the prime factors of 350186055.
3, 5, 19, 61, 20143
List the prime factors of 1304751041.
11, 118613731
What are the prime factors of 32851768?
2, 4106471
List the prime factors of 2592656186.
2, 23, 56362091
List the prime factors of 2628